et s be (8 - q)*(-1 - 0 - -10). What are the prime factors of 0 + (-3)/(-3) + s?
2, 5
Let u = 21 + -7. Let m(a) = 9*a. Let i be m(1). List the prime factors of 2205/u - i/(-6).
3, 53
Suppose -5*f - 5*o + 13 = 3, -f - 18 = -3*o. Let d(g) = -87*g + 11. List the prime factors of d(f).
2, 17
Suppose 7*b + 5*b + 96 = 0. List the prime factors of -4 - 1*(-1166 - (b - -3)).
13, 89
What are the prime factors of 21931 + (2 - (8 + -7))?
2, 5483
Let w(l) = l**3 - 22*l**2 + 2 + 22*l**2 - 10*l - 5*l**2. Let g be w(7). Suppose 24 + g = u. List the prime factors of u.
2, 3
Suppose s = 15*n - 12*n - 7767, 4*n + s - 10349 = 0. List the prime factors of n.
2, 647
Suppose 2*k + 15120 = 28*a - 24*a, a = 3*k + 3780. Suppose 3*t - a = -17*t. What are the prime factors of t?
3, 7
Let q = -22 + 27. What are the prime factors of ((-812)/(-10) + -2)*(q + 0)?
2, 3, 11
Let s(p) = p**2 - 17*p - 20 + 8*p**2 - 8*p**2. Suppose -4*g - 5*k - 49 = 0, 4*g = 3*g + 3*k + 9. List the prime factors of s(g).
2, 59
Suppose -6*j = -10*j - 5*t + 9, -2*t = -j - 14. What are the prime factors of 136 + (12/j)/3 - 2?
7, 19
Suppose 0 = -12*v + 26015 + 144817. What are the prime factors of v?
2, 3559
Let o = 148 - -7474. What are the prime factors of o?
2, 37, 103
Let g be (0 + (-3)/9)*(-1085 + -1). Let o = g + 528. List the prime factors of o.
2, 5, 89
Suppose 39*b + 178536 = 9*l + 43*b, -3*l + b + 59505 = 0. What are the prime factors of l?
2, 3, 19, 29
Let r = 1675 + 503. Suppose 0*k = 6*k - r. List the prime factors of k.
3, 11
Let q(y) = -292*y**3 - 3*y**2 - 5*y - 2. Let g be q(-1). Let m = 216 + g. Suppose -2*w - 2*d = -m, w + 2*w - 760 = -5*d. What are the prime factors of w?
3, 5, 17
Suppose -21*g + 26*g = 4*b + 607, 0 = -3*b + 6. Let l = g + 988. What are the prime factors of l?
11, 101
Suppose 3*l = -3*y - 0*l + 318, -4*l + 319 = 3*y. Suppose -18*x = -13*x - y. Let q = 26 + x. What are the prime factors of q?
47
Let v = 189 - 188. What are the prime factors of 14/28*(v - -289)?
5, 29
Suppose 0 = 2*m + m. Let y(q) be the first derivative of -q**4/4 - q**2/2 + 20*q + 369. What are the prime factors of y(m)?
2, 5
Suppose -123326 = 6*a - 20*a. List the prime factors of a.
23, 383
Suppose 16 = 2*p + 4, -3*p + 9524 = s. List the prime factors of s.
2, 7, 97
Let i = -1152 + 18819. Suppose 0 = -26*c + i + 2795. What are the prime factors of c?
787
What are the prime factors of -3 + 1 + (-12 - -5) + (18 - -30513)?
2, 3, 5087
Let w(v) = 49*v**2 - 13*v - 101. What are the prime factors of w(-18)?
7, 2287
Let a(i) = -i**3 + 4*i**2 + 4*i + 8. Suppose 0 = -4*t + 2 + 86. Suppose -34 = -3*z - t. What are the prime factors of a(z)?
2, 3
Suppose 0 = 4*r - 1174 + 834. Suppose -x + r = -672. List the prime factors of x.
757
What are the prime factors of 71424/9 - (136/20 + (-2)/(-10))?
3, 881
Suppose 3*w = 4*q - 75, 0*q - 56 = -3*q + 2*w. Let p(h) = 2*h**2 - 22*h - 4. What are the prime factors of p(q)?
2, 31
Let j = 16905 - 12451. What are the prime factors of j?
2, 17, 131
What are the prime factors of (-123206)/9*((-665)/70 + 5)?
61603
List the prime factors of 56*(-1887)/148*1*-1.
2, 3, 7, 17
Let n = 84811 - 51516. List the prime factors of n.
5, 6659
Suppose -v - 2 = -1, 2*v + 494 = 2*m. Suppose 0 = -29*s + 32*s - 90. Suppose 3*j - m = -s. List the prime factors of j.
2, 3
Suppose -31*f + 5*h = -29*f - 2543, -4*f - 5*h + 5101 = 0. What are the prime factors of f?
2, 7, 13
Let o = -298 - -506. Suppose 0 = -3*b + 803 + o. Suppose 5*r - 238 = b. List the prime factors of r.
5, 23
Suppose -5586 = -3*b + a + 22081, 5*b = -3*a + 46093. List the prime factors of b.
9221
Let p(n) = n**2 + 18*n + 19. Let t be p(-17). Suppose -t*u + 469 = 177. What are the prime factors of u?
2, 73
Let n = -13297 - -20938. What are the prime factors of n?
3, 283
Let a = 54 - 58. Let g be -1 + 1*(a - 109). Let w = g - -191. List the prime factors of w.
7, 11
Let m(l) = 60*l - 5. Let q be ((84/(-9))/(-7))/(2/(-30)). Let b = 21 + q. What are the prime factors of m(b)?
5, 11
Let a(o) = 141*o**2 - 9*o - 17. Suppose -y = 6*y + 14. List the prime factors of a(y).
5, 113
Let q(z) = -13*z**3 + 3*z**2 + 5*z - 5. Let g be q(-3). Suppose 4*y = g - 114. List the prime factors of y.
61
Let k = 51457 - 30302. What are the prime factors of k?
5, 4231
Let s(f) = f**2 + 4. Let d be (-770)/(-63) - (0 + (-2)/(-9)). Suppose -d = 2*i + 4*p, 4*p = -3*i - 0*p - 20. List the prime factors of s(i).
2, 17
Let r be 4 + (8 + 5 + -2)*29. Let i = 1178 + r. What are the prime factors of i?
19, 79
Let m(c) = 45*c**3 + c + 1. Let a be m(-1). Let n = a + 45. Suppose 11*h - 6*h - 735 = n. What are the prime factors of h?
3, 7
Let u = 84676 - 39447. What are the prime factors of u?
31, 1459
Let i(k) = -12*k**3 - 21*k**2 - k + 139. What are the prime factors of i(-9)?
5, 1439
Suppose 31*t = 30*t + 3*z + 12300, -3*t = -4*z - 36890. List the prime factors of t.
2, 3, 683
Suppose 0 = 2*f + 334 - 100. Let y = f - -264. Let k = y + -43. What are the prime factors of k?
2, 13
Let q be 177/7 + (-2)/7. Suppose 3*m = 4*v + 49, -4*v - q - 3 = 4*m. Let g = 18 + v. List the prime factors of g.
2
Let j(w) = 947*w - 8. Let l be j(2). Suppose -5*u = -3*u + 3*f - 931, 0 = -4*u + 2*f + l. List the prime factors of u.
2, 5, 47
Suppose 4*z = 6*z + 3*u - 37, 77 = 4*z + 5*u. Suppose -3*w = -4*j - 144, w - 44 - z = -5*j. What are the prime factors of w?
2, 13
Let o = -199 + 208. What are the prime factors of 3342/o + 12/18?
2, 3, 31
Let d = 30 + -28. Suppose 4*v = 5*v - d. Suppose 5*p + 226 + 180 = 4*y, -v*y + 210 = p. List the prime factors of y.
2, 13
Let t(j) = j**3 + 38*j**2 - 10*j + 87. Let x(b) = -2*b**2 + 9*b + 7. Let q be x(-3). What are the prime factors of t(q)?
467
Let h = -123 + 205. Let c = h - -12. Let v = -44 + c. List the prime factors of v.
2, 5
Let j(t) = 406*t - 8242. What are the prime factors of j(27)?
2, 5, 17
What are the prime factors of (-397 - 0)/(-9 - 942/(-105))?
5, 7, 397
Suppose 0 = 11*g - 505 - 188. Suppose -537 = -8*j + g. Suppose 4*x - j = -15. What are the prime factors of x?
3, 5
Suppose w = -2*p + 4*p + 5, 3*p + 35 = -4*w. Suppose 7*f + 33 = -4*f. List the prime factors of (45/f)/w + 9.
2, 3
Let q(y) = -105*y + 66. Let z be q(-10). List the prime factors of -1 + (-3 - z/(-3)).
2, 23
Let u(f) = f**3 - 36*f**2 + 99*f + 39. Suppose h + 86 - 120 = 0. What are the prime factors of u(h)?
1093
Let s(r) = 2*r**3 + 9*r**2 - r - 12. What are the prime factors of s(9)?
2, 3, 19
List the prime factors of (-29 + (-1393)/(-49))/(2/(-42686)).
2, 3049
Suppose 4*w = -31*p + 34*p - 795, 0 = -4*p + 5*w + 1062. List the prime factors of p.
3, 7, 13
Let q be (-5 - -10) + 3 + 0. Suppose -u + 60 = w - q, 5*u + w - 348 = 0. What are the prime factors of u?
2, 5, 7
Let u be (1/(3/(-10)))/((-5)/1755). Let i = u + -819. Suppose -l + i = 3*y, 0 = -5*y - 0*l + 4*l + 585. What are the prime factors of y?
3, 13
What are the prime factors of (475/19 + -9)/(2/1088)?
2, 17
Let u(a) = -10*a + 132. Let s be u(13). List the prime factors of 2/(-16) + (s - 1346/(-16)).
2, 43
Let c = 3599 - -6646. List the prime factors of c.
3, 5, 683
Let g be -1 + 8 + -1 - (1 + 0). What are the prime factors of (219/g + 1)/((-74)/(-1665))?
2, 3, 7
Let g(a) = -331*a - 76. Suppose -89 = 32*x + 39. What are the prime factors of g(x)?
2, 3, 13
Suppose 5*n = 3*n - 548. Let v = -147 - n. List the prime factors of (v - 18)/(2 + 0 + -1).
109
Suppose 15*o + 912 = 8052. List the prime factors of o.
2, 7, 17
Suppose 22752 = 5*z + 2*m, 8 = 2*m - 4. List the prime factors of z.
2, 3, 379
Suppose 134*l - 508032 = 43646. List the prime factors of l.
23, 179
Let b = -724 + 727. Suppose -l + 8*c + 489 = b*c, 0 = -4*c. List the prime factors of l.
3, 163
Suppose -403*a - 32845 = -408*a. What are the prime factors of a?
6569
Suppose 0 = -30*u + 34*u - 2008. Let m = -193 + u. List the prime factors of m.
3, 103
Let a(i) = 29*i**2 - 193*i - 2514. List the prime factors of a(-13).
2, 3, 17
Let i(d) = -d + 1. Suppose -2*t = -0*c - c + 5, 0 = -4*t - 8. Let s(a) = 11*a - 4. Let j(f) = c*s(f) + 5*i(f). What are the prime factors of j(7)?
43
Let t = 67 - 70. Let k be t/(-6)*-2 - (2 + -3). Suppose 2*d = 3*l - 228, k = -3*l + l + d + 153. What are the prime factors of l?
2, 3, 13
Let a = 4170 - -13190. What are the prime fa